{"id":946,"date":"2017-12-05T14:23:57","date_gmt":"2017-12-05T17:23:57","guid":{"rendered":"http:\/\/ingycort.com.ar\/?page_id=946"},"modified":"2019-11-25T16:50:07","modified_gmt":"2019-11-25T19:50:07","slug":"ventas","status":"publish","type":"page","link":"https:\/\/ingycort.com.ar\/?page_id=946","title":{"rendered":"VENTAS"},"content":{"rendered":"<blockquote>\n<h2 style=\"text-align: center;\"><em><span style=\"color: #000000;\">Materiales (sobrantes de obra)<\/span><\/em><\/h2>\n<hr \/>\n<table style=\"height: 1325px;\" width=\"728\">\n<tbody>\n<tr>\n<td style=\"text-align: center;\" width=\"35\"><span style=\"color: #0000ff;\"><strong>\u00cdtem<\/strong><\/span><\/td>\n<td style=\"text-align: center;\" width=\"34\"><span style=\"color: #0000ff;\"><strong>Cantidad<\/strong><\/span><\/td>\n<td style=\"text-align: center;\" width=\"127\"><span style=\"color: #0000ff;\"><strong>C\u00f3digo<\/strong><\/span><\/td>\n<td style=\"text-align: center;\" width=\"339\"><span style=\"color: #0000ff;\"><strong>Descripci\u00f3n<\/strong><\/span><\/td>\n<td style=\"text-align: center;\" width=\"92\"><span style=\"color: #0000ff;\"><strong>Marca<\/strong><\/span><\/td>\n<td style=\"text-align: center;\" width=\"96\"><span style=\"color: #0000ff;\"><b>Precio<\/b><\/span><\/td>\n<\/tr>\n<tr>\n<td style=\"text-align: center;\"><span style=\"color: #ff0000;\"><strong>1<\/strong><\/span><\/td>\n<td style=\"text-align: center;\"><span style=\"color: #ff0000;\"><strong>34<\/strong><\/span><\/td>\n<td style=\"text-align: center;\">ABE7H16R11<\/td>\n<td style=\"text-align: left;\">Telefast Base 16 vias<\/td>\n<td style=\"text-align: center;\">Schneider<\/td>\n<td style=\"text-align: center;\"><a href=\"https:\/\/articulo.mercadolibre.com.ar\/MLA-824948044-abe7h16r11-telefast-16vias-pasiva-cled-_JM?quantity=1\" target=\"_blank\" rel=\"noopener\"><strong><span style=\"color: #000080;\">Ver<\/span><\/strong><\/a><\/td>\n<\/tr>\n<tr>\n<td style=\"text-align: center;\"><span style=\"color: #ff0000;\"><strong>2<\/strong><\/span><\/td>\n<td style=\"text-align: center;\"><span style=\"color: #ff0000;\"><strong>8<\/strong><\/span><\/td>\n<td style=\"text-align: center;\">ABE7R16T111<\/td>\n<td>Base S\/ Slimfast 16 v\u00edas<\/td>\n<td style=\"text-align: center;\">Schneider<\/td>\n<td style=\"text-align: center;\"><a href=\"https:\/\/articulo.mercadolibre.com.ar\/MLA-824948023-abe7r16t111-telefast-16vias-base-salida-slimfast-_JM\" target=\"_blank\" rel=\"noopener\"><strong><span style=\"color: #000080;\">Ver<\/span><\/strong><\/a><\/td>\n<\/tr>\n<tr>\n<td style=\"text-align: center;\"><strong><span style=\"color: #ff0000;\">3<\/span><\/strong><\/td>\n<td style=\"text-align: center;\"><strong><span style=\"color: #ff0000;\">10<\/span><\/strong><\/td>\n<td style=\"text-align: center;\">ABE7R16T210<\/td>\n<td style=\"text-align: left;\">Base S. Rele Desenchufable<\/td>\n<td style=\"text-align: center;\">Schneider<\/td>\n<td style=\"text-align: center;\"><a href=\"https:\/\/articulo.mercadolibre.com.ar\/MLA-824948052-abe7r16t210-telefast-base-srele-p10-desenchuf-1na-lp-_JM?quantity=1\" target=\"_blank\" rel=\"noopener\"><strong><span style=\"color: #000080;\">Ver<\/span><\/strong><\/a><\/td>\n<\/tr>\n<tr>\n<td style=\"text-align: center;\"><strong><span style=\"color: #ff0000;\">4<\/span><\/strong><\/td>\n<td style=\"text-align: center;\"><strong><span style=\"color: #ff0000;\">3<\/span><\/strong><\/td>\n<td style=\"text-align: center;\">BMXDDI6402K<\/td>\n<td>M340 Mod. 64 ED 24 VDC<\/td>\n<td style=\"text-align: center;\">Schneider<\/td>\n<td style=\"text-align: center;\"><a href=\"https:\/\/articulo.mercadolibre.com.ar\/MLA-824948042-bmxddi6402k-modulo-m340-64-ed-24-vdc-_JM\" target=\"_blank\" rel=\"noopener\"><strong><span style=\"color: #000080;\">Ver<\/span><\/strong><\/a><\/td>\n<\/tr>\n<tr>\n<td style=\"text-align: center;\"><strong><span style=\"color: #ff0000;\">5<\/span><\/strong><\/td>\n<td style=\"text-align: center;\"><strong><span style=\"color: #ff0000;\">1<\/span><\/strong><\/td>\n<td style=\"text-align: center;\">ARLS1KPS20N<\/td>\n<td>Sepam SERIE 20 TIPO S20<\/td>\n<td style=\"text-align: center;\">Schneider<\/td>\n<td style=\"text-align: center;\"><a href=\"https:\/\/articulo.mercadolibre.com.ar\/MLA-824948045-sepam-serie-20-_JM\" target=\"_blank\" rel=\"noopener\"><strong><span style=\"color: #000080;\">Ver<\/span><\/strong><\/a><\/td>\n<\/tr>\n<tr>\n<td style=\"text-align: center;\"><span style=\"color: #ff0000;\"><strong>6<\/strong><\/span><\/td>\n<td style=\"text-align: center;\"><span style=\"color: #ff0000;\"><strong>11<\/strong><\/span><\/td>\n<td style=\"text-align: center;\">1617022062<\/td>\n<td>Man\u00f3metro\u00a0 de 100mm<\/td>\n<td style=\"text-align: center;\">Itec<\/td>\n<td style=\"text-align: center;\"><a href=\"https:\/\/articulo.mercadolibre.com.ar\/MLA-824948040-1617022062-manometro-_JM?quantity=1\" target=\"_blank\" rel=\"noopener\"><strong><span style=\"color: #000080;\">Ver<\/span><\/strong><\/a><\/td>\n<\/tr>\n<tr>\n<td style=\"text-align: center;\"><strong><span style=\"color: #ff0000;\">7<\/span><\/strong><\/td>\n<td style=\"text-align: center;\"><strong><span style=\"color: #ff0000;\">9<\/span><\/strong><\/td>\n<td style=\"text-align: center;\">1617022015<\/td>\n<td>Man\u00f3metro\u00a0 de 100mm<\/td>\n<td style=\"text-align: center;\">Itec<\/td>\n<td style=\"text-align: center;\"><a href=\"https:\/\/articulo.mercadolibre.com.ar\/MLA-824948055-1617022015-manometro-_JM?quantity=1\" target=\"_blank\" rel=\"noopener\"><strong><span style=\"color: #000080;\">Ver<\/span><\/strong><\/a><\/td>\n<\/tr>\n<tr>\n<td style=\"text-align: center;\"><span style=\"color: #ff0000;\"><strong>8<\/strong><\/span><\/td>\n<td style=\"text-align: center;\"><span style=\"color: #ff0000;\"><strong>6<\/strong><\/span><\/td>\n<td style=\"text-align: center;\">PMP131A2201A2S<\/td>\n<td width=\"339\">Transductores De Presi\u00f3n<\/td>\n<td style=\"text-align: left;\">HendressHauser<\/td>\n<td style=\"text-align: center;\"><a href=\"https:\/\/articulo.mercadolibre.com.ar\/MLA-824948049-pmp131a2201a2s-transductores-de-presion-_JM?quantity=1\" target=\"_blank\" rel=\"noopener\"><strong><span style=\"color: #000080;\">Ver<\/span><\/strong><\/a><\/td>\n<\/tr>\n<tr>\n<td style=\"text-align: center;\"><strong><span style=\"color: #ff0000;\">9<\/span><\/strong><\/td>\n<td style=\"text-align: center;\"><strong><span style=\"color: #ff0000;\">2<\/span><\/strong><\/td>\n<td style=\"text-align: center;\">CYK10-G051<\/td>\n<td>Cable para transmisi\u00f3n digital-inductiva<\/td>\n<td style=\"text-align: left;\">HendressHauser<\/td>\n<td style=\"text-align: center;\"><a href=\"https:\/\/articulo.mercadolibre.com.ar\/MLA-824948046-cyk10g051-cable-de-medicion-para-transm-digital-inductiva-_JM?quantity=1\" target=\"_blank\" rel=\"noopener\"><span style=\"color: #000080;\"><strong>Ver<\/strong><\/span><\/a><\/td>\n<\/tr>\n<tr>\n<td style=\"text-align: center;\"><span style=\"color: #ff0000;\"><strong>10<\/strong><\/span><\/td>\n<td style=\"text-align: center;\"><span style=\"color: #ff0000;\"><strong>2<\/strong><\/span><\/td>\n<td style=\"text-align: center;\">CPS11D-7AA21<\/td>\n<td>Sensor for liquid analysis<\/td>\n<td style=\"text-align: left;\">HendressHauser<\/td>\n<td style=\"text-align: center;\"><a href=\"https:\/\/articulo.mercadolibre.com.ar\/MLA-824948041-cps11d-7aa21-sensor-for-liquid-analysis-_JM?quantity=1\" target=\"_blank\" rel=\"noopener\"><strong><span style=\"color: #000080;\">Ver<\/span><\/strong><\/a><\/td>\n<\/tr>\n<tr>\n<td style=\"text-align: center;\"><strong><span style=\"color: #ff0000;\">11<\/span><\/strong><\/td>\n<td style=\"text-align: center;\"><strong><span style=\"color: #ff0000;\">1<\/span><\/strong><\/td>\n<td style=\"text-align: center;\">TSXSCP111<\/td>\n<td>Tarjeta PCMCIA RS232<\/td>\n<td style=\"text-align: center;\">Schneider<\/td>\n<td style=\"text-align: center;\"><a href=\"https:\/\/articulo.mercadolibre.com.ar\/MLA-824950627-tsxscp111-tarjeta-pcmcia-rs232-multiprotocolo-_JM\" target=\"_blank\" rel=\"noopener\"><strong><span style=\"color: #000080;\">Ver<\/span><\/strong><\/a><\/td>\n<\/tr>\n<tr>\n<td style=\"text-align: center;\"><strong><span style=\"color: #ff0000;\">12<\/span><\/strong><\/td>\n<td style=\"text-align: center;\"><strong><span style=\"color: #ff0000;\">7<\/span><\/strong><\/td>\n<td style=\"text-align: center;\">BMXRMS008MPF<\/td>\n<td width=\"339\">M340 Mem. Card 8MB<\/td>\n<td style=\"text-align: center;\">Schneider<\/td>\n<td style=\"text-align: center;\"><a href=\"https:\/\/articulo.mercadolibre.com.ar\/MLA-824948034-bmxrms008mpf-tarjeta-de-memoria-8mb-archivo-16mb-pm340-_JM?quantity=1\" target=\"_blank\" rel=\"noopener\"><strong><span style=\"color: #000080;\">Ver<\/span><\/strong><\/a><\/td>\n<\/tr>\n<tr>\n<td style=\"text-align: center;\"><span style=\"color: #ff0000;\"><strong>13<\/strong><\/span><\/td>\n<td style=\"text-align: center;\"><span style=\"color: #ff0000;\"><strong>1<\/strong><\/span><\/td>\n<td style=\"text-align: center;\">TSXMCPC002M<\/td>\n<td>Memoria SRAM,FLASH 2MB<\/td>\n<td style=\"text-align: center;\">Schneider<\/td>\n<td style=\"text-align: center;\"><a href=\"https:\/\/articulo.mercadolibre.com.ar\/MLA-824950628-tsxmcpc002m-memoria-sram-flash-2mb-_JM\" target=\"_blank\" rel=\"noopener\"><strong><span style=\"color: #000080;\">Ver<\/span><\/strong><\/a><\/td>\n<\/tr>\n<tr>\n<td style=\"text-align: center;\"><strong><span style=\"color: #ff0000;\">14<\/span><\/strong><\/td>\n<td style=\"text-align: center;\"><strong><span style=\"color: #ff0000;\">1<\/span><\/strong><\/td>\n<td style=\"text-align: center;\">TSXMRPC448K<\/td>\n<td>Memoria SRAM\u00a0448\u00a0KB<\/td>\n<td style=\"text-align: center;\">Telemecanique<\/td>\n<td style=\"text-align: center;\"><a href=\"https:\/\/articulo.mercadolibre.com.ar\/MLA-824950624-tsxmrpc448k-memoria-sram-_JM\" target=\"_blank\" rel=\"noopener\"><strong><span style=\"color: #000080;\">Ver<\/span><\/strong><\/a><\/td>\n<\/tr>\n<tr>\n<td style=\"text-align: center;\"><span style=\"color: #ff0000;\"><strong>15<\/strong><\/span><\/td>\n<td style=\"text-align: center;\"><span style=\"color: #ff0000;\"><strong>1<\/strong><\/span><\/td>\n<td style=\"text-align: center;\">TSXMFPP128K<\/td>\n<td>Memoria Flash 128\u00a0KB<\/td>\n<td style=\"text-align: center;\">Telemecanique<\/td>\n<td style=\"text-align: center;\"><a href=\"https:\/\/articulo.mercadolibre.com.ar\/MLA-824950609-tsxmfpp128k-memoria-flash-_JM\" target=\"_blank\" rel=\"noopener\"><strong><span style=\"color: #000080;\">Ver<\/span><\/strong><\/a><\/td>\n<\/tr>\n<tr>\n<td style=\"text-align: center;\"><strong><span style=\"color: #ff0000;\">16<\/span><\/strong><\/td>\n<td style=\"text-align: center;\"><strong><span style=\"color: #ff0000;\">3<\/span><\/strong><\/td>\n<td style=\"text-align: center;\">2867610<\/td>\n<td>Antena-RAD-ISM-2400<\/td>\n<td style=\"text-align: center;\">PhoenixContact<\/td>\n<td style=\"text-align: center;\"><a href=\"https:\/\/articulo.mercadolibre.com.ar\/MLA-824118814-antena-unidireccional-bluetooth-phoenix-contact-radism2400-_JM?quantity=1\" target=\"_blank\" rel=\"noopener\"><strong><span style=\"color: #000080;\">Ver<\/span><\/strong><\/a><\/td>\n<\/tr>\n<tr>\n<td style=\"text-align: center;\"><span style=\"color: #ff0000;\"><strong>17<\/strong><\/span><\/td>\n<td style=\"text-align: center;\"><span style=\"color: #ff0000;\"><strong>30<\/strong><\/span><\/td>\n<td style=\"text-align: center;\">6ES7131-4BD01-0AA0<\/td>\n<td width=\"339\">M\u00f3dulo de E\/S PLC\u00a0 SIMATIC<\/td>\n<td style=\"text-align: center;\">Siemens<\/td>\n<td style=\"text-align: center;\"><a href=\"https:\/\/articulo.mercadolibre.com.ar\/MLA-824120225-modulo-de-4-entradas-digitales-siemens-6es7131-4bd01-0aa0-_JM?quantity=1\" target=\"_blank\" rel=\"noopener\"><strong><span style=\"color: #000080;\">Ver<\/span><\/strong><\/a><\/td>\n<\/tr>\n<tr>\n<td style=\"text-align: center;\"><span style=\"color: #ff0000;\"><strong>18<\/strong><\/span><\/td>\n<td style=\"text-align: center;\"><span style=\"color: #ff0000;\"><strong>1<\/strong><\/span><\/td>\n<td style=\"text-align: center;\">6ES7 132-4BF00-0AA0 I\/O<\/td>\n<td width=\"339\">M\u00f3dulo de E\/S PLC SIMATIC ET 200S<\/td>\n<td style=\"text-align: center;\">Siemens<\/td>\n<td style=\"text-align: center;\"><a href=\"https:\/\/articulo.mercadolibre.com.ar\/MLA-824949727-6es71324bf000aa0-modulo-de-es-plc-simatic-et-2005-siemens-_JM\" target=\"_blank\" rel=\"noopener\"><strong><span style=\"color: #000080;\">Ver<\/span><\/strong><\/a><\/td>\n<\/tr>\n<tr>\n<td style=\"text-align: center;\"><span style=\"color: #ff0000;\"><strong>19<\/strong><\/span><\/td>\n<td style=\"text-align: center;\"><span style=\"color: #ff0000;\"><strong>1<\/strong><\/span><\/td>\n<td style=\"text-align: center;\">6ES7138-4CA01-0AA0<\/td>\n<td width=\"339\">M\u00f3dulo de E \/ S PLC ET200S de Siemens 24 VCC<\/td>\n<td style=\"text-align: center;\">Siemens<\/td>\n<td style=\"text-align: center;\"><a href=\"https:\/\/articulo.mercadolibre.com.ar\/MLA-824949720-6es71384ca010aao-modulo-de-es-plc-simatic-et-2005-siemens-_JM\" target=\"_blank\" rel=\"noopener\"><strong><span style=\"color: #000080;\">Ver<\/span><\/strong><\/a><\/td>\n<\/tr>\n<tr>\n<td style=\"text-align: center;\"><strong><span style=\"color: #ff0000;\">20<\/span><\/strong><\/td>\n<td style=\"text-align: center;\"><strong><span style=\"color: #ff0000;\">1<\/span><\/strong><\/td>\n<td style=\"text-align: center;\">6ES7392-1AJ00-0AA0<\/td>\n<td width=\"339\">Conector para usar con\u00a0 CP 343-2P, SIMATIC S7 Series<\/td>\n<td style=\"text-align: center;\">Siemens<\/td>\n<td style=\"text-align: center;\"><a href=\"https:\/\/articulo.mercadolibre.com.ar\/MLA-824949723-6es73921aj000aa0-conector-siemens-para-usar-con-cp-343-2-_JM\" target=\"_blank\" rel=\"noopener\"><strong><span style=\"color: #000080;\">Ver<\/span><\/strong><\/a><\/td>\n<\/tr>\n<tr>\n<td style=\"text-align: center;\"><strong><span style=\"color: #ff0000;\">21<\/span><\/strong><\/td>\n<td style=\"text-align: center;\"><strong><span style=\"color: #ff0000;\">1<\/span><\/strong><\/td>\n<td style=\"text-align: center;\">6ES7193-4CD20-0AA0<\/td>\n<td width=\"339\">\u00a05 Modulo terminales tm-e15s24-01 para et 200s p\/ m\u00f3dulos electr\u00f3nicos<\/td>\n<td style=\"text-align: center;\">Siemens<\/td>\n<td style=\"text-align: center;\"><a href=\"https:\/\/articulo.mercadolibre.com.ar\/MLA-824949726-6es71934cd200aa0-5-modulo-terminales-tm-e15s24-01-_JM\" target=\"_blank\" rel=\"noopener\"><strong><span style=\"color: #000080;\">Ver\u00a0<\/span><\/strong><\/a><\/td>\n<\/tr>\n<tr>\n<td style=\"text-align: center;\"><span style=\"color: #ff0000;\"><strong>22<\/strong><\/span><\/td>\n<td style=\"text-align: center;\"><span style=\"color: #ff0000;\"><strong>24<\/strong><\/span><\/td>\n<td style=\"text-align: center;\">A9N24336<\/td>\n<td>INT. Termomagnetico C60N 2X10A CURVA C<\/td>\n<td style=\"text-align: center;\">Schneider<\/td>\n<td style=\"text-align: center;\"><a href=\"https:\/\/articulo.mercadolibre.com.ar\/MLA-824948051-a9n24336-int-termomagnetico-c60n-2x10a-curva-c-_JM?quantity=1\" target=\"_blank\" rel=\"noopener\"><strong><span style=\"color: #000080;\">Ver\u00a0<\/span><\/strong><\/a><\/td>\n<\/tr>\n<tr>\n<td style=\"text-align: center;\"><strong><span style=\"color: #ff0000;\">23<\/span><\/strong><\/td>\n<td style=\"text-align: center;\"><strong><span style=\"color: #ff0000;\">18<\/span><\/strong><\/td>\n<td style=\"text-align: center;\">A9N61528<\/td>\n<td>INT. Termomagnetico C60H-DC 2X10A CURVA C<\/td>\n<td style=\"text-align: center;\">Schneider<\/td>\n<td style=\"text-align: center;\"><a href=\"https:\/\/articulo.mercadolibre.com.ar\/MLA-824948057-a9n61528-int-termomagnetico-c60h-dc-2x10a-curva-c-_JM\" target=\"_blank\" rel=\"noopener\"><strong><span style=\"color: #000080;\">Ver<\/span><\/strong><\/a><\/td>\n<\/tr>\n<tr>\n<td style=\"text-align: center;\"><strong><span style=\"color: #ff0000;\">24<\/span><\/strong><\/td>\n<td style=\"text-align: center;\"><strong><span style=\"color: #ff0000;\">1<\/span><\/strong><\/td>\n<td style=\"text-align: center;\">LC1D40AB7<\/td>\n<td style=\"text-align: left;\" width=\"339\">Contactor Trifasico 40A<\/td>\n<td style=\"text-align: center;\">Schneider<\/td>\n<td style=\"text-align: center;\"><a href=\"https:\/\/articulo.mercadolibre.com.ar\/MLA-824948054-lc1d40ab7-contactor-trifasico-_JM\" target=\"_blank\" rel=\"noopener\"><strong><span style=\"color: #000080;\">Ver\u00a0<\/span><\/strong><\/a><\/td>\n<\/tr>\n<\/tbody>\n<\/table>\n<\/blockquote>\n<h6><em><span style=\"color: #000000;\"><span style=\"color: #000000;\">Si usted se encuentra interesado en alg\u00fan material visto en pantalla, puede\u00a0comunicarse con nosotros al 4651-1957 \/ (011) 15-64425676. Para mas informaci\u00f3n\u00a0comunicarse con<\/span><\/span> <span style=\"font-weight: bold; color: #000000;\">info@ingycort.com.ar \/ ingenieria@ingycort.com.ar\u00a0<\/span><\/em><\/h6>\n","protected":false},"excerpt":{"rendered":"<p>Materiales (sobrantes de obra) \u00cdtem Cantidad C\u00f3digo Descripci\u00f3n Marca Precio 1 34 ABE7H16R11 Telefast Base 16 vias Schneider Ver 2 8 ABE7R16T111 Base S\/ Slimfast 16 v\u00edas Schneider Ver 3 10 ABE7R16T210 Base S. Rele Desenchufable Schneider Ver 4 3 BMXDDI6402K M340 Mod. 64 ED 24 VDC Schneider Ver 5 1 ARLS1KPS20N Sepam SERIE 20 <a href=\"https:\/\/ingycort.com.ar\/?page_id=946\" rel=\"nofollow\"><span class=\"sr-only\">Leer m\u00e1sVENTAS<\/span>[&hellip;]<\/a><\/p>\n","protected":false},"author":1,"featured_media":0,"parent":0,"menu_order":0,"comment_status":"closed","ping_status":"closed","template":"","meta":[],"_links":{"self":[{"href":"https:\/\/ingycort.com.ar\/index.php?rest_route=\/wp\/v2\/pages\/946"}],"collection":[{"href":"https:\/\/ingycort.com.ar\/index.php?rest_route=\/wp\/v2\/pages"}],"about":[{"href":"https:\/\/ingycort.com.ar\/index.php?rest_route=\/wp\/v2\/types\/page"}],"author":[{"embeddable":true,"href":"https:\/\/ingycort.com.ar\/index.php?rest_route=\/wp\/v2\/users\/1"}],"replies":[{"embeddable":true,"href":"https:\/\/ingycort.com.ar\/index.php?rest_route=%2Fwp%2Fv2%2Fcomments&post=946"}],"version-history":[{"count":24,"href":"https:\/\/ingycort.com.ar\/index.php?rest_route=\/wp\/v2\/pages\/946\/revisions"}],"predecessor-version":[{"id":1227,"href":"https:\/\/ingycort.com.ar\/index.php?rest_route=\/wp\/v2\/pages\/946\/revisions\/1227"}],"wp:attachment":[{"href":"https:\/\/ingycort.com.ar\/index.php?rest_route=%2Fwp%2Fv2%2Fmedia&parent=946"}],"curies":[{"name":"wp","href":"https:\/\/api.w.org\/{rel}","templated":true}]}}