{"id":477,"date":"2016-11-11T11:35:33","date_gmt":"2016-11-11T14:35:33","guid":{"rendered":"http:\/\/ingycort.com.ar\/?page_id=477"},"modified":"2016-11-25T09:42:16","modified_gmt":"2016-11-25T12:42:16","slug":"sector-gas-petroleo-y-petroquimico","status":"publish","type":"page","link":"http:\/\/ingycort.com.ar\/?page_id=477","title":{"rendered":"sector gas, petroleo y petroquimico"},"content":{"rendered":"<h1 style=\"text-align: center;\"><span style=\"text-decoration: underline;\">GAS, PETROLEO Y PETROQU\u00cdMICOS:<\/span><\/h1>\n<ul>\n<li>\n<h3><span style=\"text-decoration: underline;\">Tecna S.A. :\u00a0<\/span><\/h3>\n<\/li>\n<\/ul>\n<p style=\"padding-left: 30px;\">Empresa de ingenier\u00eda dedicada a la provisi\u00f3n de servicios del rubro de \u00abGas y petroleo\u00bb.<\/p>\n<p style=\"padding-left: 30px;\">Se asisti\u00f3 a la puesta en marcha de planta compresora de Gas, \u00a0en la localidad de \u00abChiuido de la salina\u00bb Pcia. de Mendoza. Asistencia de software y soporte en PLC Allen-Bradley modelo SLC-500 (A\u00f1o 1997).<\/p>\n<ul>\n<li>\n<h3><span style=\"text-decoration: underline;\">Petroken S.A. :<\/span><\/h3>\n<\/li>\n<\/ul>\n<p style=\"padding-left: 30px;\">Planta petroquimica y de extrusado de poliestireno, ubicada en la localidad de Ensenada, La Plata, Pcia. de Bs. As.<\/p>\n<p style=\"padding-left: 30px;\">Colaboraci\u00f3n en la modificaci\u00f3n del programa de un PLC SIEMENS S115-U para el agregado de dos silos de acopio de 300 Toneladas C\/U y posterior modificaci\u00f3n del sistema de transporte neumatico.<\/p>\n<ul>\n<li>\n<h3><span style=\"text-decoration: underline; line-height: 1.5;\">Rockwell ARGENTINA S.A. :\u00a0<\/span><\/h3>\n<\/li>\n<\/ul>\n<p style=\"padding-left: 30px;\">Para dicha empresa (Representantes y distribuidores oficiales de equipamiento Allen-Bradley). Se ha programado 2 (dos) equipos autom\u00e1ticos utilizados para el bombeo de crudo (petroleo) que constaba del control de un motor a explosi\u00f3n y bomba de impulsion. (Marca STORK). Dicho equipamiento, seria utilizado en pozos de extracci\u00f3n en la Rep\u00fablica de Venezuela. (Yacimiento ACEMA)<\/p>\n<p style=\"padding-left: 30px;\">Para dicho proyecto, se utilizo un PLC Allen-Bradley SLC500 (Linea modular) y una consola de dialogo Panel View 550 como panel de control y alarmas. Gran cantidad de instrumentaci\u00f3n anal\u00f3gica y lazos de control PID para ajuste de velocidad del conjunto Motor-Bomba.<\/p>\n<ul>\n<li>\n<h3><span style=\"text-decoration: underline;\">Flargent S.A. :<\/span><\/h3>\n<\/li>\n<\/ul>\n<p style=\"padding-left: 30px;\">Subcontratados, por dicha empresa, se realizo en la ciudad de Tartagal (Pcia. de Salta) la programaci\u00f3n y posterior puesta en marcha (IN SITU) de un horno de calentamiento de Fuel-Oil para la refiner\u00eda REFINOR S.A.<\/p>\n<p style=\"padding-left: 30px;\">Para llevar a cabo el automatismo, nuestro comitente utilizo un equipamiento TELEMANIQUE TSX3721 para el PLC, consola MAGELIS XBT para reportes y alarmas y gran cantidad de instrumentos anti-explosiva para las lecturas de variables en campo.<\/p>\n<p style=\"padding-left: 30px; text-align: center;\">\u00a0<img decoding=\"async\" loading=\"lazy\" class=\"alignnone size-medium wp-image-776\" src=\"http:\/\/ingycort.com.ar\/wp-content\/uploads\/2016\/11\/1-3-209x300.png\" alt=\"1\" width=\"209\" height=\"300\" srcset=\"http:\/\/ingycort.com.ar\/wp-content\/uploads\/2016\/11\/1-3-209x300.png 209w, http:\/\/ingycort.com.ar\/wp-content\/uploads\/2016\/11\/1-3.png 406w\" sizes=\"(max-width: 209px) 100vw, 209px\" \/> <img decoding=\"async\" loading=\"lazy\" class=\"alignnone size-medium wp-image-777\" src=\"http:\/\/ingycort.com.ar\/wp-content\/uploads\/2016\/11\/2-3-225x300.png\" alt=\"2\" width=\"225\" height=\"300\" srcset=\"http:\/\/ingycort.com.ar\/wp-content\/uploads\/2016\/11\/2-3-225x300.png 225w, http:\/\/ingycort.com.ar\/wp-content\/uploads\/2016\/11\/2-3.png 442w\" sizes=\"(max-width: 225px) 100vw, 225px\" \/> <img decoding=\"async\" loading=\"lazy\" class=\"alignnone size-medium wp-image-778\" src=\"http:\/\/ingycort.com.ar\/wp-content\/uploads\/2016\/11\/3-3-300x230.png\" alt=\"3\" width=\"300\" height=\"230\" srcset=\"http:\/\/ingycort.com.ar\/wp-content\/uploads\/2016\/11\/3-3-300x230.png 300w, http:\/\/ingycort.com.ar\/wp-content\/uploads\/2016\/11\/3-3.png 427w\" sizes=\"(max-width: 300px) 100vw, 300px\" \/> <img decoding=\"async\" loading=\"lazy\" class=\"alignnone size-medium wp-image-779\" src=\"http:\/\/ingycort.com.ar\/wp-content\/uploads\/2016\/11\/4-2-300x225.png\" alt=\"4\" width=\"300\" height=\"225\" srcset=\"http:\/\/ingycort.com.ar\/wp-content\/uploads\/2016\/11\/4-2-300x225.png 300w, http:\/\/ingycort.com.ar\/wp-content\/uploads\/2016\/11\/4-2-285x214.png 285w, http:\/\/ingycort.com.ar\/wp-content\/uploads\/2016\/11\/4-2.png 429w\" sizes=\"(max-width: 300px) 100vw, 300px\" \/><\/p>\n<p>&nbsp;<\/p>\n<ul>\n<li>\n<h3><span style=\"text-decoration: underline;\">Tipem S.A. :<\/span><\/h3>\n<\/li>\n<\/ul>\n<p style=\"padding-left: 30px;\">Subcontratados por dicha empresa, se procedi\u00f3 a la modificaci\u00f3n, actualizaci\u00f3n y posterior puesta en marcha, de un sistema de supervision y control del centro de c\u00f3mputos de las oficinas centrales de total Austral S.A. sito en Capital Federal.<\/p>\n<p style=\"padding-left: 30px;\">Para dicho proyecto, se actualizo el PLC de control (SIEMENS SIMATIC S7-300) y software SCADA Win CC, siendo este ultimo indispensable para el registro de alarmas y reporte de eventos ante los cortes de energ\u00eda, repartici\u00f3n de cargas y monitoreo de una gran UPS trifasica de Back-Up.<\/p>\n<p style=\"padding-left: 30px; text-align: center;\"><img decoding=\"async\" loading=\"lazy\" class=\"alignnone wp-image-781\" src=\"http:\/\/ingycort.com.ar\/wp-content\/uploads\/2016\/11\/5-2-300x189.png\" alt=\"5\" width=\"417\" height=\"263\" srcset=\"http:\/\/ingycort.com.ar\/wp-content\/uploads\/2016\/11\/5-2-300x189.png 300w, http:\/\/ingycort.com.ar\/wp-content\/uploads\/2016\/11\/5-2.png 545w\" sizes=\"(max-width: 417px) 100vw, 417px\" \/> <img decoding=\"async\" loading=\"lazy\" class=\"alignnone size-medium wp-image-782\" src=\"http:\/\/ingycort.com.ar\/wp-content\/uploads\/2016\/11\/6-2-146x300.png\" alt=\"6\" width=\"146\" height=\"300\" srcset=\"http:\/\/ingycort.com.ar\/wp-content\/uploads\/2016\/11\/6-2-146x300.png 146w, http:\/\/ingycort.com.ar\/wp-content\/uploads\/2016\/11\/6-2.png 169w\" sizes=\"(max-width: 146px) 100vw, 146px\" \/> <img decoding=\"async\" loading=\"lazy\" class=\"alignnone wp-image-783\" src=\"http:\/\/ingycort.com.ar\/wp-content\/uploads\/2016\/11\/7-1-300x225.png\" alt=\"7\" width=\"367\" height=\"275\" srcset=\"http:\/\/ingycort.com.ar\/wp-content\/uploads\/2016\/11\/7-1-300x225.png 300w, http:\/\/ingycort.com.ar\/wp-content\/uploads\/2016\/11\/7-1-285x214.png 285w, http:\/\/ingycort.com.ar\/wp-content\/uploads\/2016\/11\/7-1.png 486w\" sizes=\"(max-width: 367px) 100vw, 367px\" \/> <img decoding=\"async\" loading=\"lazy\" class=\"alignnone size-medium wp-image-784\" src=\"http:\/\/ingycort.com.ar\/wp-content\/uploads\/2016\/11\/8-1-300x272.png\" alt=\"8\" width=\"300\" height=\"272\" srcset=\"http:\/\/ingycort.com.ar\/wp-content\/uploads\/2016\/11\/8-1-300x272.png 300w, http:\/\/ingycort.com.ar\/wp-content\/uploads\/2016\/11\/8-1.png 411w\" sizes=\"(max-width: 300px) 100vw, 300px\" \/><\/p>\n<p><span style=\"text-decoration: underline;\">Otras obras para TIPEM S.A. :<\/span><\/p>\n<p>Subcontratados para la programaci\u00f3n y posterior puesta en marcha de un PLC-SLC500 (Allen-Bradley) instalado en un tablero de control de su provisi\u00f3n para comandar y controlar un sistema de ventilaci\u00f3n y alarmas para el laboratorio de control de calidad de total Austral, en la localidad de \u00abRio Cullen\u00bb Tierra del Fuego.<\/p>\n<ul>\n<li>\n<h3><span style=\"text-decoration: underline;\">Sullair S.A. :<\/span><\/h3>\n<\/li>\n<\/ul>\n<p style=\"padding-left: 30px;\">Contratados en forma directa por dicha empresa, para su establecimiento de generaci\u00f3n el\u00e9ctrica, ubicado en \u00abel Trapial\u00bb (Polo de extracci\u00f3n de gas en la provincia de Neuquen, pr\u00f3ximo a Rinc\u00f3n del Sauce) se procedi\u00f3 a la modificaci\u00f3n y posterior puesta en marcha del programa de un PLC TELEMANIQUE TSX PREMIUM proveniente de CUMMINS (E.E.U.U.) adapt\u00e1ndolo a las versiones existentes de los equipos generadores en dicha planta.<\/p>\n<p style=\"padding-left: 30px;\">El proyecto \u00a0en conjunto con CUMMINS, fue la actualizaci\u00f3n de firmware y software de todos los equipos existentes (Total 5 unidades).<\/p>\n<p style=\"padding-left: 30px;\">Construcci\u00f3n y provisi\u00f3n de 2 (dos) tableros de control para los grupos electr\u00f3genos nuevos. Cada tablero de control, contaba con los controladores TELEMANIQUE TSX-TWIDO y elementos de maniobra en baja potencia.<\/p>\n<ul>\n<li>\n<h3><span style=\"text-decoration: underline;\">Schneider Electric S.A. :<\/span><\/h3>\n<\/li>\n<\/ul>\n<p style=\"padding-left: 30px;\">Asistencia y colaboraci\u00f3n con dicha empresa para la instalaci\u00f3n y puesta a punto de sistemas de comunicaci\u00f3n entre PLC&#8217;s TELEMANIQUE y Sistemas SCADA P-CIM en los stand de las exposiciones O\u00cdL &amp; GAS y las BIEL del a\u00f1o 2003.<\/p>\n<ul>\n<li>\n<h3><span style=\"text-decoration: underline;\">Antu S.A. :<\/span><\/h3>\n<\/li>\n<\/ul>\n<p style=\"padding-left: 30px;\">Programaci\u00f3n, asistencia y puesta en marcha de una ampliaci\u00f3n y modificaci\u00f3n del circuito de bombeo y recirculaci\u00f3n de petroleo (crudo) en la refiner\u00eda de REPSOL-YPF (cabecera La Plata).<\/p>\n<p style=\"padding-left: 30px;\">En dicha planta se instalo y se configuro un PLC Allen-Bradley SLC500, con comunicaci\u00f3n en protocolo \u00abModBus\u00bb para el comando de v\u00e1lvulas remotas (Rotork) y anillo de fibra \u00f3ptica redundante con PLC de sal de control.<\/p>\n<p style=\"padding-left: 30px;\">Se completo el sistema con el comando del driver de la bomba (Tambi\u00e9n vareador Rockwell) en modo REMOTE I\/O.<\/p>\n<ul>\n<li>\n<h3><span style=\"text-decoration: underline;\">Nalco Argentina S.A. :<\/span><\/h3>\n<\/li>\n<\/ul>\n<p style=\"padding-left: 30px;\">Modificaci\u00f3n, provisi\u00f3n de componentes, montaje y posterior puesta en marcha de un tablero de control, automatizado con PLC IZUNI FA2J (actualizado al PLC IZUMI FA3) destinado a la dosificaci\u00f3n y mezcla de productos qu\u00edmicos desde tanques de almacenamiento hasta los reactores de mezcla.<\/p>\n<p style=\"padding-left: 30px;\">El sistema se completaba con v\u00e1lvulas de control proporcional y caudalimetros en cada ca\u00f1er\u00eda de los tanques de almacenamiento.<\/p>\n<p>&nbsp;<\/p>\n<p>&nbsp;<\/p>\n<p>&nbsp;<\/p>\n<p>&nbsp;<\/p>\n","protected":false},"excerpt":{"rendered":"<p>GAS, PETROLEO Y PETROQU\u00cdMICOS: Tecna S.A. :\u00a0 Empresa de ingenier\u00eda dedicada a la provisi\u00f3n de servicios del rubro de \u00abGas y petroleo\u00bb. Se asisti\u00f3 a la puesta en marcha de planta compresora de Gas, \u00a0en la localidad de \u00abChiuido de la salina\u00bb Pcia. de Mendoza. Asistencia de software y soporte en PLC Allen-Bradley modelo SLC-500 <a href=\"http:\/\/ingycort.com.ar\/?page_id=477\" rel=\"nofollow\"><span class=\"sr-only\">Leer m\u00e1ssector gas, petroleo y petroquimico<\/span>[&hellip;]<\/a><\/p>\n","protected":false},"author":1,"featured_media":0,"parent":0,"menu_order":0,"comment_status":"closed","ping_status":"closed","template":"","meta":[],"_links":{"self":[{"href":"http:\/\/ingycort.com.ar\/index.php?rest_route=\/wp\/v2\/pages\/477"}],"collection":[{"href":"http:\/\/ingycort.com.ar\/index.php?rest_route=\/wp\/v2\/pages"}],"about":[{"href":"http:\/\/ingycort.com.ar\/index.php?rest_route=\/wp\/v2\/types\/page"}],"author":[{"embeddable":true,"href":"http:\/\/ingycort.com.ar\/index.php?rest_route=\/wp\/v2\/users\/1"}],"replies":[{"embeddable":true,"href":"http:\/\/ingycort.com.ar\/index.php?rest_route=%2Fwp%2Fv2%2Fcomments&post=477"}],"version-history":[{"count":7,"href":"http:\/\/ingycort.com.ar\/index.php?rest_route=\/wp\/v2\/pages\/477\/revisions"}],"predecessor-version":[{"id":788,"href":"http:\/\/ingycort.com.ar\/index.php?rest_route=\/wp\/v2\/pages\/477\/revisions\/788"}],"wp:attachment":[{"href":"http:\/\/ingycort.com.ar\/index.php?rest_route=%2Fwp%2Fv2%2Fmedia&parent=477"}],"curies":[{"name":"wp","href":"https:\/\/api.w.org\/{rel}","templated":true}]}}