{"id":475,"date":"2016-11-11T11:33:00","date_gmt":"2016-11-11T14:33:00","guid":{"rendered":"http:\/\/ingycort.com.ar\/?page_id=475"},"modified":"2016-11-24T10:39:37","modified_gmt":"2016-11-24T13:39:37","slug":"sector-industria-del-papel-y-madera","status":"publish","type":"page","link":"http:\/\/ingycort.com.ar\/?page_id=475","title":{"rendered":"sector industria del papel y madera"},"content":{"rendered":"<h1 style=\"text-align: center;\"><span style=\"text-decoration: underline;\">SECTOR INDUSTRIAL DEL PAPEL Y MADERA<\/span><\/h1>\n<h3><span style=\"text-decoration: underline;\">Obras para la empresa YAPUR Hnos. (Tacuarendi, Pcia Santa Fe) :<\/span><\/h3>\n<ul>\n<li>Automatizacion y programaci\u00f3n completa de P.L.C Telemanique TSX-1720 con consola XBT-MAGELIS para una linea de secado y reciclado de papel.<\/li>\n<\/ul>\n<p style=\"text-align: center;\"><img decoding=\"async\" loading=\"lazy\" class=\"alignnone size-medium wp-image-752\" src=\"http:\/\/ingycort.com.ar\/wp-content\/uploads\/2016\/11\/1-1-300x208.png\" alt=\"1\" width=\"300\" height=\"208\" srcset=\"http:\/\/ingycort.com.ar\/wp-content\/uploads\/2016\/11\/1-1-300x208.png 300w, http:\/\/ingycort.com.ar\/wp-content\/uploads\/2016\/11\/1-1.png 481w\" sizes=\"(max-width: 300px) 100vw, 300px\" \/> <img decoding=\"async\" loading=\"lazy\" class=\"alignnone size-medium wp-image-754\" src=\"http:\/\/ingycort.com.ar\/wp-content\/uploads\/2016\/11\/3-300x208.png\" alt=\"3\" width=\"300\" height=\"208\" srcset=\"http:\/\/ingycort.com.ar\/wp-content\/uploads\/2016\/11\/3-300x208.png 300w, http:\/\/ingycort.com.ar\/wp-content\/uploads\/2016\/11\/3.png 480w\" sizes=\"(max-width: 300px) 100vw, 300px\" \/><\/p>\n<p style=\"text-align: center;\"><img decoding=\"async\" loading=\"lazy\" class=\"alignnone size-medium wp-image-753\" src=\"http:\/\/ingycort.com.ar\/wp-content\/uploads\/2016\/11\/2-1-199x300.png\" alt=\"2\" width=\"199\" height=\"300\" srcset=\"http:\/\/ingycort.com.ar\/wp-content\/uploads\/2016\/11\/2-1-199x300.png 199w, http:\/\/ingycort.com.ar\/wp-content\/uploads\/2016\/11\/2-1.png 455w\" sizes=\"(max-width: 199px) 100vw, 199px\" \/><\/p>\n<ul>\n<li>Automatizacion y programaci\u00f3n completa de P.L.C Telemanique TSX-1720 con consola XBT-A7, para el proceso de fabricaci\u00f3n de pa\u00f1ales descartables, utilizando materiales a base de celulosa<\/li>\n<\/ul>\n<h3><span style=\"text-decoration: underline;\">Forestadora Tapibecua S.A. :\u00a0<\/span><\/h3>\n<p>Empresa forestal y agr\u00edcola radicada en la ciudad de \u00abGobernador Virasoro\u00bb, Pcia de Corrientes.<\/p>\n<p>Asistencia tecnica y puesta en marcha de un sistema de automatizacion y transporte de prensado de chapas laminadas en caliente (fenolico) cdon P.L.C. Allen-Bradley modelo SLC-500 en ambas maquinas, con inclusion de lazos P.I.D. y consolas de operacion \u00abPanel View 550\u00bb.<\/p>\n<p>&nbsp;<\/p>\n","protected":false},"excerpt":{"rendered":"<p>SECTOR INDUSTRIAL DEL PAPEL Y MADERA Obras para la empresa YAPUR Hnos. (Tacuarendi, Pcia Santa Fe) : Automatizacion y programaci\u00f3n completa de P.L.C Telemanique TSX-1720 con consola XBT-MAGELIS para una linea de secado y reciclado de papel. Automatizacion y programaci\u00f3n completa de P.L.C Telemanique TSX-1720 con consola XBT-A7, para el proceso de fabricaci\u00f3n de pa\u00f1ales <a href=\"http:\/\/ingycort.com.ar\/?page_id=475\" rel=\"nofollow\"><span class=\"sr-only\">Leer m\u00e1ssector industria del papel y madera<\/span>[&hellip;]<\/a><\/p>\n","protected":false},"author":1,"featured_media":0,"parent":0,"menu_order":0,"comment_status":"closed","ping_status":"closed","template":"","meta":[],"_links":{"self":[{"href":"http:\/\/ingycort.com.ar\/index.php?rest_route=\/wp\/v2\/pages\/475"}],"collection":[{"href":"http:\/\/ingycort.com.ar\/index.php?rest_route=\/wp\/v2\/pages"}],"about":[{"href":"http:\/\/ingycort.com.ar\/index.php?rest_route=\/wp\/v2\/types\/page"}],"author":[{"embeddable":true,"href":"http:\/\/ingycort.com.ar\/index.php?rest_route=\/wp\/v2\/users\/1"}],"replies":[{"embeddable":true,"href":"http:\/\/ingycort.com.ar\/index.php?rest_route=%2Fwp%2Fv2%2Fcomments&post=475"}],"version-history":[{"count":4,"href":"http:\/\/ingycort.com.ar\/index.php?rest_route=\/wp\/v2\/pages\/475\/revisions"}],"predecessor-version":[{"id":755,"href":"http:\/\/ingycort.com.ar\/index.php?rest_route=\/wp\/v2\/pages\/475\/revisions\/755"}],"wp:attachment":[{"href":"http:\/\/ingycort.com.ar\/index.php?rest_route=%2Fwp%2Fv2%2Fmedia&parent=475"}],"curies":[{"name":"wp","href":"https:\/\/api.w.org\/{rel}","templated":true}]}}